hat are the prime factors of 2127?
3, 709
List the prime factors of 6585.
3, 5, 439
What are the prime factors of 1266?
2, 3, 211
What are the prime factors of 1989?
3, 13, 17
List the prime factors of 925.
5, 37
List the prime factors of 43018.
2, 137, 157
What are the prime factors of 5041?
71
What are the prime factors of 12984?
2, 3, 541
What are the prime factors of 9806?
2, 4903
List the prime factors of 7520.
2, 5, 47
List the prime factors of 83800.
2, 5, 419
What are the prime factors of 299?
13, 23
List the prime factors of 976.
2, 61
What are the prime factors of 55575?
3, 5, 13, 19
What are the prime factors of 37417?
17, 31, 71
List the prime factors of 765.
3, 5, 17
What are the prime factors of 57929?
53, 1093
What are the prime factors of 12896?
2, 13, 31
List the prime factors of 1021.
1021
List the prime factors of 911.
911
What are the prime factors of 24024?
2, 3, 7, 11, 13
List the prime factors of 537.
3, 179
What are the prime factors of 1272?
2, 3, 53
List the prime factors of 46686.
2, 3, 31, 251
What are the prime factors of 913?
11, 83
What are the prime factors of 8644?
2, 2161
What are the prime factors of 42468?
2, 3, 3539
List the prime factors of 64420.
2, 5, 3221
List the prime factors of 22429.
11, 2039
List the prime factors of 51518.
2, 25759
List the prime factors of 13877.
13877
What are the prime factors of 426?
2, 3, 71
List the prime factors of 4709.
17, 277
What are the prime factors of 7949?
7949
What are the prime factors of 3490?
2, 5, 349
What are the prime factors of 11545?
5, 2309
List the prime factors of 339.
3, 113
What are the prime factors of 942?
2, 3, 157
What are the prime factors of 128?
2
What are the prime factors of 1275?
3, 5, 17
List the prime factors of 3796.
2, 13, 73
What are the prime factors of 7363?
37, 199
List the prime factors of 2415.
3, 5, 7, 23
List the prime factors of 12651.
3, 4217
List the prime factors of 33785.
5, 29, 233
What are the prime factors of 20856?
2, 3, 11, 79
List the prime factors of 1579.
1579
What are the prime factors of 171398?
2, 43, 1993
What are the prime factors of 26060?
2, 5, 1303
List the prime factors of 40164.
2, 3, 3347
List the prime factors of 33726.
2, 3, 7, 11, 73
List the prime factors of 14287.
7, 13, 157
What are the prime factors of 54619?
193, 283
What are the prime factors of 879?
3, 293
What are the prime factors of 17639?
31, 569
List the prime factors of 10264.
2, 1283
List the prime factors of 1504.
2, 47
What are the prime factors of 1198?
2, 599
What are the prime factors of 9393?
3, 31, 101
What are the prime factors of 3071?
37, 83
What are the prime factors of 48198?
2, 3, 29, 277
List the prime factors of 4590.
2, 3, 5, 17
What are the prime factors of 4158?
2, 3, 7, 11
What are the prime factors of 1643?
31, 53
What are the prime factors of 2818?
2, 1409
What are the prime factors of 164922?
2, 3, 27487
List the prime factors of 1530.
2, 3, 5, 17
List the prime factors of 4369.
17, 257
What are the prime factors of 6954?
2, 3, 19, 61
List the prime factors of 8619.
3, 13, 17
What are the prime factors of 4682?
2, 2341
List the prime factors of 52742.
2, 26371
What are the prime factors of 24436?
2, 41, 149
List the prime factors of 555.
3, 5, 37
List the prime factors of 468.
2, 3, 13
List the prime factors of 1830.
2, 3, 5, 61
What are the prime factors of 43920?
2, 3, 5, 61
List the prime factors of 57698.
2, 17, 1697
What are the prime factors of 62095?
5, 11, 1129
List the prime factors of 148.
2, 37
What are the prime factors of 1882?
2, 941
List the prime factors of 2904.
2, 3, 11
List the prime factors of 3965.
5, 13, 61
What are the prime factors of 30615?
3, 5, 13, 157
List the prime factors of 87297.
3, 7, 4157
What are the prime factors of 32112?
2, 3, 223
What are the prime factors of 26069?
131, 199
What are the prime factors of 1218?
2, 3, 7, 29
List the prime factors of 70844.
2, 89, 199
List the prime factors of 27096.
2, 3, 1129
List the prime factors of 8997.
3, 2999
List the prime factors of 6209.
7, 887
List the prime factors of 424.
2, 53
What are the prime factors of 2388?
2, 3, 199
What are the prime factors of 71134?
2, 7, 5081
List the prime factors of 23130.
2, 3, 5, 257
What are the prime factors of 5536?
2, 173
List the prime factors of 1487.
1487
List the prime factors of 3360.
2, 3, 5, 7
What are the prime factors of 25259?
13, 29, 67
List the prime factors of 47602.
2, 23801
What are the prime factors of 14342?
2, 71, 101
What are the prime factors of 3177?
3, 353
List the prime factors of 76957.
41, 1877
List the prime factors of 208.
2, 13
List the prime factors of 1459.
1459
List the prime factors of 1203.
3, 401
List the prime factors of 1118.
2, 13, 43
List the prime factors of 18780.
2, 3, 5, 313
What are the prime factors of 778?
2, 389
List the prime factors of 271.
271
List the prime factors of 7366.
2, 29, 127
List the prime factors of 146522.
2, 61, 1201
What are the prime factors of 1402?
2, 701
List the prime factors of 290.
2, 5, 29
List the prime factors of 5395.
5, 13, 83
List the prime factors of 307.
307
List the prime factors of 46710.
2, 3, 5, 173
List the prime factors of 20032.
2, 313
List the prime factors of 40140.
2, 3, 5, 223
What are the prime factors of 2472?
2, 3, 103
List the prime factors of 32045.
5, 13, 17, 29
List the prime factors of 27247.
11, 2477
What are the prime factors of 2597?
7, 53
What are the prime factors of 60003?
3, 59, 113
What are the prime factors of 70814?
2, 35407
List the prime factors of 1082.
2, 541
What are the prime factors of 6843?
3, 2281
What are the prime factors of 99376?
2, 6211
What are the prime factors of 418?
2, 11, 19
List the prime factors of 1012.
2, 11, 23
List the prime factors of 19342.
2, 19, 509
List the prime factors of 13115.
5, 43, 61
What are the prime factors of 162833?
11, 113, 131
What are the prime factors of 655?
5, 131
List the prime factors of 13552.
2, 7, 11
What are the prime factors of 9797?
97, 101
What are the prime factors of 648?
2, 3
List the prime factors of 149387.
7, 21341
What are the prime factors of 4311?
3, 479
List the prime factors of 35661.
3, 11887
What are the prime factors of 40?
2, 5
What are the prime factors of 17436?
2, 3, 1453
What are the prime factors of 3951?
3, 439
What are the prime factors of 111119?
111119
What are the prime factors of 744?
2, 3, 31
List the prime factors of 65363.
163, 401
List the prime factors of 42273.
3, 7, 11, 61
List the prime factors of 1420.
2, 5, 71
List the prime factors of 1865.
5, 373
List the prime factors of 4858.
2, 7, 347
List the prime factors of 105.
3, 5, 7
What are the prime factors of 5000?
2, 5
What are the prime factors of 5370?
2, 3, 5, 179
What are the prime factors of 7880?
2, 5, 197
What are the prime factors of 14339?
13, 1103
What are the prime factors of 1471?
1471
What are the prime factors of 1565?
5, 313
List the prime factors of 1022.
2, 7, 73
List the prime factors of 13520.
2, 5, 13
What are the prime factors of 304?
2, 19
What are the prime factors of 284?
2, 71
What are the prime factors of 120056?
2, 43, 349
List the prime factors of 985.
5, 197
What are the prime factors of 331?
331
List the prime factors of 690.
2, 3, 5, 23
List the prime factors of 1019.
1019
List the prime factors of 2049.
3, 683
What are the prime factors of 99?
3, 11
What are the prime factors of 5367?
3, 1789
List the prime factors of 10538.
2, 11, 479
What are the prime factors of 9446?
2, 4723
What are the prime factors of 2664?
2, 3, 37
What are the prime factors of 6088?
2, 761
What are the prime factors of 39571?
7, 5653
List the prime factors of 221.
13, 17
List the prime factors of 91.
7, 13
What are the prime factors of 17044?
2, 4261
List the prime factors of 3516.
2, 3, 293
What are the prime factors of 6338?
2, 3169
List the prime factors of 99597.
3, 33199
What are the prime factors of 101121?
3, 37, 911
List the prime factors of 47749.
13, 3673
What are the prime factors of 4411?
11, 401
List the prime factors of 9710.
2, 5, 971
What are the prime factors of 213?
3, 71
List the prime factors of 73008.
2, 3, 13
List the prime factors of 6525.
3, 5, 29
List the prime factors of 725.
5, 29
What are the prime factors of 521?
